= -6*v**2 + 4*v - 10. Let u(c) = -3*m(c) + 5*n(c). What is u(2)?
8
Suppose 2*g = 5*p - 21, g - 13 + 1 = -5*p. Let f(z) be the second derivative of -z**4/12 - z**3/3 + 3*z**2/2 - 1128*z. Give f(p).
-12
Let y(s) = 5*s - 1838*s**3 + 6*s**2 - 3 - 2*s + 1839*s**3. What is y(-5)?
7
Let i(x) be the second derivative of -x**5/20 - 5*x**4/12 + x**3/6 - x**2 + 14*x. Determine i(-4).
-22
Let y(t) = -t**3 - 3*t**2 - 4*t - 3. Suppose 3*f - 2 = 7*f + 3*m, 3*f + 4*m = 2. Determine y(f).
1
Let a be (-1)/(-4) - 19/(-4). Let q(i) = -55*i**3 - i**2 + 5*i - 9. Let t(l) = 46*l**3 - 4*l + 8. Let m(n) = 5*q(n) + 6*t(n). What is m(a)?
8
Let u(a) be the first derivative of a**3/3 + 6*a**2 - 2*a - 66. What is u(-12)?
-2
Let p(c) = -11*c**3 - 2*c**2 - 2*c - 1. Suppose 0 = -2*f - 5*b + 13, -5*f = -0*f + 2*b - 22. Let g(w) = w**2 - 3*w - 5. Let q be g(f). Determine p(q).
10
Let l(y) = -y**3 + 4*y**2 + y. Let r = 157 + -153. Calculate l(r).
4
Suppose x + 0 = 6. Let w(m) = -x + 45*m - 85*m + 41*m. What is w(0)?
-6
Let f(n) = -2*n + 19. Suppose 13*a = 41 + 50. Determine f(a).
5
Suppose -46 - 86 = -6*c. Suppose 0 = -3*l - 5*f + 56, 5*f + 113 - 37 = 3*l. Let b = l - c. Let j(u) = -u**3 - u + 4. Determine j(b).
4
Let y(m) be the second derivative of -m**3/3 + 3*m**2 - 325*m. Let r be 6 - 0 - (5 - 6). Give y(r).
-8
Suppose -48 = -4*c + 16*c. Let q(d) = -2*d - 3. Let s be q(c). Let n(m) = -m**2 + 4*m + 5. Determine n(s).
0
Let l(u) = -16*u + 1. Suppose -4 = -25*v + 21. What is l(v)?
-15
Let o be ((-20)/8*2)/1. Let t(s) = -7*s + 4*s + 4*s. Determine t(o).
-5
Let d(j) be the first derivative of j**4/4 - j**2 - j + 1. Let k be 1 + 0 + 19*(-129)/817. What is d(k)?
-5
Let z(c) = -c**2 - 2*c + 8. Suppose -81*r + 49*r = 128. Give z(r).
0
Let v be (-6)/(-39) + (-50)/325. Let x(q) = 6*q - 9. Let c(f) = -f + 2. Let b(o) = -11*c(o) - 2*x(o). Determine b(v).
-4
Let l = 42 + -40. Let o(n) = 976 + 6*n**2 + l*n**2 - 977. Determine o(1).
7
Let h(n) = 4*n**2 + 15*n + 2*n**2 - 2 - 18*n - n**3 - 2*n**2 + 1. Calculate h(3).
-1
Let t = -51 - -54. Suppose -5*v + 0*b = -3*b + 14, -v - t*b + 8 = 0. Let i(m) be the first derivative of -5*m**4/4 + m + 3. Determine i(v).
6
Let q(t) = 16*t**2 - 4*t - 17*t**2 - 7 - 1 - t**2 - 4*t. Give q(-4).
-8
Let y = 183 - 164. Let r(v) = v - 37 + 23 + y. Let o = 2 - 5. What is r(o)?
2
Let z = -4787 + 4781. Let w(d) be the second derivative of 0 - d - 5*d**2 - 1/6*d**3. What is w(z)?
-4
Suppose 3*p = 6*p - 5*p. Let z(m) = m**2 - 6*m - 3. What is z(p)?
-3
Let q = 388 + -275. Let j(o) = 1 + 1 - o**2 - q*o + 103*o. What is j(-6)?
26
Let u(g) = -2*g + g**2 + 4 - 8 + g**2. Let y be (-3)/4*2*-2. What is u(y)?
8
Suppose -2 = -4*f - 3*j, j + 3*j + 18 = 5*f. Let u(y) = y**2 + y - 112. Let h(r) = -4*r**2 - 3*r + 392. Let x(i) = 2*h(i) + 7*u(i). Determine x(f).
-2
Let g(d) be the first derivative of d**3/3 + 4*d**2 + 15*d - 143. Give g(-6).
3
Let u be (4/(-2))/(-2)*(4 - -1). Let f(m) be the first derivative of -m**2 + 6*m - 16. Determine f(u).
-4
Suppose -3*m = 2*z + 3*z + 20, 2*z - 2*m - 8 = 0. Let b(g) be the third derivative of 23*g**5/60 - 10*g**2 - 3. Give b(z).
23
Let a(o) = o**2 - 14*o - 103. Let x be a(20). Let m(v) = v - 23. Calculate m(x).
-6
Let v(b) be the second derivative of 0*b**4 + 0 + 1/2*b**2 - 1/20*b**5 + 9*b + 0*b**3. Determine v(2).
-7
Let f(d) = 0*d - 3*d + 2*d - 1. Let k = 62 - 59. Suppose -k*s + 12 = -15*s. Determine f(s).
0
Let b(l) be the second derivative of -l**7/840 - l**6/72 - l**5/20 - l**4/24 - l**3/6 + l. Let i(o) be the second derivative of b(o). Calculate i(-4).
7
Let o(s) = 5*s + 8. Suppose -69*c + 56*c - 130 = 0. Calculate o(c).
-42
Let f(y) be the second derivative of y**5/20 - 5*y**4/12 + 5*y**3/6 - 3*y**2 - 57*y. What is f(5)?
19
Let c = 0 - -2. Suppose -i = i + w - 11, -2*i + 14 = 4*w. Let q(g) = -g**2 + i*g**c - 3*g - 1 - 2*g**2. Calculate q(3).
8
Let r(n) = -n**3 - 7*n**2 - 21*n. Let y(i) = i**3 + 6*i**2 + 18*i. Let z(s) = 6*r(s) + 7*y(s). Determine z(-1).
-1
Let k(a) = -a**3 - a**2 + 3*a. Suppose 2*j - 2*n = -3*n - 1, 0 = -2*j - 3*n + 9. Calculate k(j).
9
Let m = 18 - 22. Let n be (-1)/((16/(-12))/4). Let p(i) = 10*i**3 - 2 - 2*i + 1 - 4*i**2 - 11*i**n. Calculate p(m).
7
Let u(v) be the third derivative of v**6/120 - v**5/20 + v**4/12 - 7*v**3/6 - 112*v**2. Calculate u(3).
-1
Suppose 2*i = 5*z - 5, 5*z = 6*i - 2*i - 5. Let d = z + -6. Let t(p) = p - 8. Let g(j) = -1. Let h(u) = 6*g(u) - t(u). What is h(d)?
5
Suppose -2*h + h = -9. Let k(w) = -w**3 + 9*w**2 + 6. Let c be k(h). Let u(y) = 3*y**3 + 4 + 7*y**2 - 5*y - 3*y - 4*y**3. Calculate u(c).
-8
Let j(g) = 1621 - 1621 + 0*g - 2*g. Calculate j(-5).
10
Let g(n) = -3*n**2 + 25*n + 3. Let b(r) = r**2 - 8*r - 1. Let l be (-12)/20 - 9415/(-25). Let y be l/56 + (-2)/(-7). Let k(a) = y*b(a) + 2*g(a). Determine k(5).
-6
Let s(h) = h**3 - 5*h**2 + h + 2. Let w(c) = c**3 + 9*c**2 - 21*c + 15. Let g be w(-11). Calculate s(g).
-10
Suppose z - 3 = 2*o, 6*o + 4*z = 3*o + 1. Let l(k) = 13 - 4 - 8. Let d(f) = -5*f - 4. Let y(q) = o*d(q) - 3*l(q). Determine y(-1).
-4
Let v be 1*2/(4/2). Let c(r) = 15 - 70*r + 8*r**2 - 5 - 11 + 0*r**2 + 72*r. Determine c(v).
9
Let w be 5/5 - (4 + 0). Let d(j) = -j**3 - 4*j**2 - j + 5. Let q be d(w). Let k be ((-14)/(-8) + q)*-8. Let v(y) = -y**3 - 5*y**2 + 4*y - 5. Calculate v(k).
7
Let l(p) = -5*p**2 - 3*p - 1. Suppose -4*q - 55 = 2*b - 27, 0 = -5*q - 25. Determine l(b).
-69
Let u(o) = -o**3 - 6*o**2 - 4*o - 5. Let b = -35 + 30. Determine u(b).
-10
Let r(a) = -11*a + 2. Let f(d) = -11*d + 4. Let l(h) = 2*f(h) - 3*r(h). Give l(4).
46
Let g(s) = 3*s - 299 + 303 - 2*s. Calculate g(-4).
0
Suppose j - 5*j = 4*q - 24, 2*j = -5*q + 15. Let z(u) = 2 + 5*u**2 - 2*u - j + 4*u. Let m(t) = 4*t**2 + 2*t - 2. Let r(b) = -3*m(b) + 2*z(b). Determine r(-2).
-4
Let q = 53 - 46. Let k(j) = 2*j**3 - 16*j**2 + 21*j - 23. Let z(w) = w**3 - 8*w**2 + 10*w - 11. Let m(b) = -2*k(b) + 5*z(b). Determine m(q).
-2
Let m(l) = l**3 + 5*l**2 + 3*l - 2. Suppose 24 = 3*b + 15, -5*r - 35 = -5*b. Give m(r).
2
Let n(w) = 13*w + 39. Let r(i) = -37*i - 115. Let c(u) = -17*n(u) - 6*r(u). Calculate c(-18).
9
Let q(u) = u**3 + 4*u**2 - 6*u - 1. Suppose x - 4*k = 0, k + 1 - 12 = 3*x. Calculate q(x).
23
Let a(i) = -i**3 - 1. Let g(m) = 7*m**3 - m**2 - 2. Let l(x) = 3*a(x) - g(x). Determine l(-1).
10
Let t(w) = -w**2 - w - 5. Let s(d) = -d**2 + 12*d + 8. Let y be s(11). Let l = y + -12. Suppose -l*i = -8*i. Calculate t(i).
-5
Let z(g) = -g - 3*g + 5*g + 5 + 0. Let o be 5 + (-3 - (2 - 2)). Suppose 3 + 7 = -o*x. Determine z(x).
0
Let a(q) = -q - 1. Suppose -4*w + 0*w = -100. Let i(h) = 3*h - 83. Let u be i(31). Suppose -u*p + w = -5*p. What is a(p)?
-6
Let u(w) = -w - 4. Suppose 134 = 3*c + l, 2*c + 12 = 5*l + 107. Suppose -3*t - c = 5*m + 2*t, 2*m - t + 3 = 0. Let b be (-4)/(-3 - m*1). Calculate u(b).
0
Let q be (1 - 9/2)*(4 + 2). Let f be 7/q + (-20)/3. Let o(g) = -g**2 - 6*g + 10. Determine o(f).
3
Let m = -47 - -45. Let u(r) = -7 + 6 - r - 1. What is u(m)?
0
Let p(f) = -2*f**3 + f**2 + f + 2. Suppose h - 2 = 0, 2*v - 9 = 2*h - 3. Let g be ((-2)/v)/((-136)/20 + 7). Calculate p(g).
20
Let d(z) be the first derivative of -2*z**2 - 2*z + 115. Determine d(1).
-6
Let q(y) be the third derivative of -y**6/120 + y**5/15 + y**4/4 - y**3/2 - 164*y**2. Suppose -a + 15 = 2*a. What is q(a)?
2
Let x(l) = l**2 - 4*l - 1. Suppose z = 4*z + 3. Suppose -p - 7 = -2*p - 5*v, -104 = -5*p - 2*v. Let q be z/(-4) - p/(-8). Determine x(q).
-4
Let y(k) = k**3 - 4*k**2 + k - 1. Suppose 6 = 24*o - 90. Determine y(o).
3
Suppose -n + 3*f = -28, 0*f = 3*n - 3*f - 78. Let c = -104 + 130. Let a = c - n. Let t(v) = -v - 1. What is t(a)?
-2
Let c be (-12)/(-15) + (-84)/(-20). Suppose 0*o - 16 = -o - 3*j, 30 = 5*o + c*j. Let l(t) = 8*t**2 - 2*t + 1. Give l(o).
7
Suppose 3*n - 25 = -a, 2 = a + 4. Suppose n = -5*m + 2*m. Let f(q) be the first derivative of q**3/3 + 3*q**2/2 - q + 31. Calculate f(m).
-1
Let f = -9898 - -9890. Let a(i) = i + 1. Let l(k) = 4*k + 11. Let m(t) = 3*a(t) - l(t). Determine m(f).
0
Let k(a) = -a**2 + 5*a - 3. Let q(d) = d**3 + 1. Let g(y) = 7*y**3 - 4*y**2 - 6*y - 6. Let w(m) = g(m) - 6*q(m). Let t be w(6). Let u = 28 - t. What is k(u)?
1
Let b(v) = -5*v - 2*v**2 - 4*v**3 - 4*v**2 + 2 + 3*v**3 + 9*v**2 + v**2. Let q(f) = f*